{"id":205,"date":"2017-07-05T02:19:02","date_gmt":"2017-07-05T01:19:02","guid":{"rendered":"http:\/\/razarian.fr\/site\/?page_id=205"},"modified":"2018-11-28T23:58:50","modified_gmt":"2018-11-28T22:58:50","slug":"competences","status":"publish","type":"page","link":"https:\/\/razarian.fr\/site\/competences\/","title":{"rendered":"Comp\u00e9tences"},"content":{"rendered":"<p>Des comp\u00e9tences techniques mise en \u0153uvre au service de la <strong>rationalisation et l&rsquo;automatisation de t\u00e2ches<\/strong>, l&rsquo;<strong>int\u00e9gration de syst\u00e8mes d&rsquo;information<\/strong> et l\u2019<strong>am\u00e9lioration de l&rsquo;exp\u00e9rience utilisateur<\/strong>.<br \/>\n<!--\n\n\n<h4>Secteurs d'activit\u00e9 principaux<\/h4>\n\n\n\n\n<ul>\n \t\n\n<li>A\u00e9ronautique Civile et Militaire<\/li>\n\n\n \t\n\n<li>Syst\u00e8mes d'Information et Moyens Informatiques de Gestion<\/li>\n\n\n<\/ul>\n\n\n\n\n<h4>Nos valeurs<\/h4>\n\n\n\n\n<ul>\n \t\n\n<li>Satisfaction Client<\/li>\n\n\n \t\n\n<li>Qualit\u00e9<\/li>\n\n\n \t\n\n<li>Esprit d'\u00e9quipe<\/li>\n\n\n \t\n\n<li>Innovation<\/li>\n\n\n<\/ul>\n\n\n--><\/p>\n<p>&nbsp;<\/p>\n<h4>M\u00e9tiers<\/h4>\n<ul>\n<li>Ing\u00e9nieur D\u00e9veloppement Informatique (A\u00e9ronautique\/SI)<\/li>\n<li>Concepteur UX<\/li>\n<li>Consultant Facteurs Humains<\/li>\n<li>Analyste Fonctionnel<\/li>\n<li>Chef de projet MOE<\/li>\n<li>Chef de projet AMOA<\/li>\n<li>Charg\u00e9 des Syst\u00e8mes d&rsquo;Information M\u00e9tier<\/li>\n<\/ul>\n<h4><\/h4>\n<p>&nbsp;<\/p>\n<h4>Comp\u00e9tences techniques<\/h4>\n\n<table id=\"tablepress-1\" class=\"tablepress tablepress-id-1\">\n<thead>\n<tr class=\"row-1 odd\">\n\t<th class=\"column-1\">Langages<\/th><th class=\"column-2\">Frameworks &amp; Outils<\/th><th class=\"column-3\">Logiciels<\/th><th class=\"column-4\">Projet<\/th><th class=\"column-5\">Methodes<\/th>\n<\/tr>\n<\/thead>\n<tbody class=\"row-hover\">\n<tr class=\"row-2 even\">\n\t<td class=\"column-1\">C ****<\/td><td class=\"column-2\">Symphony<\/td><td class=\"column-3\">MS Office (avanc\u00e9: macros et TCD)<\/td><td class=\"column-4\">Analyse du besoin<\/td><td class=\"column-5\">D\u00e9marche centr\u00e9e utilisateur<\/td>\n<\/tr>\n<tr class=\"row-3 odd\">\n\t<td class=\"column-1\">Java ****<\/td><td class=\"column-2\">AngularJS<\/td><td class=\"column-3\">MS Project<\/td><td class=\"column-4\">cahiers des charges<\/td><td class=\"column-5\">Parcours cognitif<\/td>\n<\/tr>\n<tr class=\"row-4 even\">\n\t<td class=\"column-1\">C# **<\/td><td class=\"column-2\">JQuery<\/td><td class=\"column-3\">Team Foundation Server (TFS)<\/td><td class=\"column-4\">Benchmark<\/td><td class=\"column-5\">\u00c9valuation heuristique<\/td>\n<\/tr>\n<tr class=\"row-5 odd\">\n\t<td class=\"column-1\">VB ****<\/td><td class=\"column-2\">Bootstrap<\/td><td class=\"column-3\">Doors<\/td><td class=\"column-4\">Appel d'offre<\/td><td class=\"column-5\">Focus group<\/td>\n<\/tr>\n<tr class=\"row-6 even\">\n\t<td class=\"column-1\">Delphi ***<\/td><td class=\"column-2\">Merise<\/td><td class=\"column-3\">Access<\/td><td class=\"column-4\">Planification<\/td><td class=\"column-5\">Tri de cartes<\/td>\n<\/tr>\n<tr class=\"row-7 odd\">\n\t<td class=\"column-1\">ADA *<\/td><td class=\"column-2\">UML<\/td><td class=\"column-3\">BIRT<\/td><td class=\"column-4\">Reporting<\/td><td class=\"column-5\">Maquettage<\/td>\n<\/tr>\n<tr class=\"row-8 even\">\n\t<td class=\"column-1\">PHP *****<\/td><td class=\"column-2\">GWT<\/td><td class=\"column-3\">Clearcase<\/td><td class=\"column-4\">Suivi Budg\u00e9taire<\/td><td class=\"column-5\">Conduite entretiens<\/td>\n<\/tr>\n<tr class=\"row-9 odd\">\n\t<td class=\"column-1\">HTML ****<\/td><td class=\"column-2\">Talend<\/td><td class=\"column-3\">SVN<\/td><td class=\"column-4\">Gestion Sous-traitance<\/td><td class=\"column-5\">\u00c9valuation experte<\/td>\n<\/tr>\n<tr class=\"row-10 even\">\n\t<td class=\"column-1\">CSS ****<\/td><td class=\"column-2\">Vue.js<\/td><td class=\"column-3\">ERP Akuiteo<\/td><td class=\"column-4\">Relation Client<\/td><td class=\"column-5\">Tests utilisabilit\u00e9<\/td>\n<\/tr>\n<tr class=\"row-11 odd\">\n\t<td class=\"column-1\">Javascript *****<\/td><td class=\"column-2\">MongoDB<\/td><td class=\"column-3\">PEGASE<\/td><td class=\"column-4\">Gestion Qualit\u00e9<\/td><td class=\"column-5\">MASK (Knowledge Management)<\/td>\n<\/tr>\n<tr class=\"row-12 even\">\n\t<td class=\"column-1\">SQL ***<\/td><td class=\"column-2\">Docker<\/td><td class=\"column-3\">OpenERP (odoo)<\/td><td class=\"column-4\"><\/td><td class=\"column-5\">Event Driven Design<\/td>\n<\/tr>\n<tr class=\"row-13 odd\">\n\t<td class=\"column-1\">MySQL****<\/td><td class=\"column-2\"><\/td><td class=\"column-3\">Confluence<\/td><td class=\"column-4\"><\/td><td class=\"column-5\">Domain Driven Design<\/td>\n<\/tr>\n<tr class=\"row-14 even\">\n\t<td class=\"column-1\">XML ***<\/td><td class=\"column-2\"><\/td><td class=\"column-3\">Joomla<\/td><td class=\"column-4\"><\/td><td class=\"column-5\"><\/td>\n<\/tr>\n<tr class=\"row-15 odd\">\n\t<td class=\"column-1\">C++ **<\/td><td class=\"column-2\"><\/td><td class=\"column-3\">Drupal, Xoops<\/td><td class=\"column-4\"><\/td><td class=\"column-5\"><\/td>\n<\/tr>\n<tr class=\"row-16 even\">\n\t<td class=\"column-1\"><\/td><td class=\"column-2\"><\/td><td class=\"column-3\">Scade Display<\/td><td class=\"column-4\"><\/td><td class=\"column-5\"><\/td>\n<\/tr>\n<tr class=\"row-17 odd\">\n\t<td class=\"column-1\"><\/td><td class=\"column-2\"><\/td><td class=\"column-3\">LAMP\/WAMP<\/td><td class=\"column-4\"><\/td><td class=\"column-5\"><\/td>\n<\/tr>\n<tr class=\"row-18 even\">\n\t<td class=\"column-1\"><\/td><td class=\"column-2\"><\/td><td class=\"column-3\">Microsoft SQL Server<\/td><td class=\"column-4\"><\/td><td class=\"column-5\"><\/td>\n<\/tr>\n<tr class=\"row-19 odd\">\n\t<td class=\"column-1\"><\/td><td class=\"column-2\"><\/td><td class=\"column-3\">Bonita BPM, Bizagi<\/td><td class=\"column-4\"><\/td><td class=\"column-5\"><\/td>\n<\/tr>\n<tr class=\"row-20 even\">\n\t<td class=\"column-1\"><\/td><td class=\"column-2\"><\/td><td class=\"column-3\">Rhapsody<\/td><td class=\"column-4\"><\/td><td class=\"column-5\"><\/td>\n<\/tr>\n<tr class=\"row-21 odd\">\n\t<td class=\"column-1\"><\/td><td class=\"column-2\"><\/td><td class=\"column-3\">PowerAMC<\/td><td class=\"column-4\"><\/td><td class=\"column-5\"><\/td>\n<\/tr>\n<tr class=\"row-22 even\">\n\t<td class=\"column-1\"><\/td><td class=\"column-2\"><\/td><td class=\"column-3\">Mantis BT<\/td><td class=\"column-4\"><\/td><td class=\"column-5\"><\/td>\n<\/tr>\n<tr class=\"row-23 odd\">\n\t<td class=\"column-1\"><\/td><td class=\"column-2\"><\/td><td class=\"column-3\">ClearQuest<\/td><td class=\"column-4\"><\/td><td class=\"column-5\"><\/td>\n<\/tr>\n<tr class=\"row-24 even\">\n\t<td class=\"column-1\"><\/td><td class=\"column-2\"><\/td><td class=\"column-3\">Nombreux Logiciels libres<\/td><td class=\"column-4\"><\/td><td class=\"column-5\"><\/td>\n<\/tr>\n<\/tbody>\n<\/table>\n<!-- #tablepress-1 from cache -->\n","protected":false},"excerpt":{"rendered":"<p>Des comp\u00e9tences techniques mise en \u0153uvre au service de la rationalisation et l&rsquo;automatisation de t\u00e2ches, l&rsquo;int\u00e9gration de syst\u00e8mes d&rsquo;information et l\u2019am\u00e9lioration de l&rsquo;exp\u00e9rience utilisateur. &nbsp; M\u00e9tiers Ing\u00e9nieur D\u00e9veloppement Informatique (A\u00e9ronautique\/SI) Concepteur UX Consultant Facteurs Humains Analyste Fonctionnel Chef de projet MOE Chef de projet AMOA Charg\u00e9 des Syst\u00e8mes d&rsquo;Information M\u00e9tier &nbsp; Comp\u00e9tences techniques<\/p>\n","protected":false},"author":1,"featured_media":0,"parent":0,"menu_order":0,"comment_status":"closed","ping_status":"closed","template":"","meta":{"inline_featured_image":false,"footnotes":""},"yoast_head":"<!-- This site is optimized with the Yoast SEO plugin v22.2 - https:\/\/yoast.com\/wordpress\/plugins\/seo\/ -->\n<title>Comp\u00e9tences - Razarian<\/title>\n<meta name=\"description\" content=\"Conseil, AMOA, Analyse Fonctionnelle, Gestion de projet, UX\/UA et Facteurs Humains, D\u00e9veloppement, SI, NTIC, A\u00e9ronautique\" \/>\n<meta name=\"robots\" content=\"index, follow, max-snippet:-1, max-image-preview:large, max-video-preview:-1\" \/>\n<link rel=\"canonical\" href=\"http:\/\/razarian.fr\/site\/competences\/\" \/>\n<meta property=\"og:locale\" content=\"fr_FR\" \/>\n<meta property=\"og:type\" content=\"article\" \/>\n<meta property=\"og:title\" content=\"Comp\u00e9tences - Razarian\" \/>\n<meta property=\"og:description\" content=\"Conseil, AMOA, Analyse Fonctionnelle, Gestion de projet, UX\/UA et Facteurs Humains, D\u00e9veloppement, SI, NTIC, A\u00e9ronautique\" \/>\n<meta property=\"og:url\" content=\"http:\/\/razarian.fr\/site\/competences\/\" \/>\n<meta property=\"og:site_name\" content=\"Razarian\" \/>\n<meta property=\"article:modified_time\" content=\"2018-11-28T22:58:50+00:00\" \/>\n<meta name=\"twitter:card\" content=\"summary_large_image\" \/>\n<script type=\"application\/ld+json\" class=\"yoast-schema-graph\">{\"@context\":\"https:\/\/schema.org\",\"@graph\":[{\"@type\":\"WebPage\",\"@id\":\"http:\/\/razarian.fr\/site\/competences\/\",\"url\":\"http:\/\/razarian.fr\/site\/competences\/\",\"name\":\"Comp\u00e9tences - Razarian\",\"isPartOf\":{\"@id\":\"https:\/\/razarian.fr\/site\/#website\"},\"datePublished\":\"2017-07-05T01:19:02+00:00\",\"dateModified\":\"2018-11-28T22:58:50+00:00\",\"description\":\"Conseil, AMOA, Analyse Fonctionnelle, Gestion de projet, UX\/UA et Facteurs Humains, D\u00e9veloppement, SI, NTIC, A\u00e9ronautique\",\"breadcrumb\":{\"@id\":\"http:\/\/razarian.fr\/site\/competences\/#breadcrumb\"},\"inLanguage\":\"fr-FR\",\"potentialAction\":[{\"@type\":\"ReadAction\",\"target\":[\"http:\/\/razarian.fr\/site\/competences\/\"]}]},{\"@type\":\"BreadcrumbList\",\"@id\":\"http:\/\/razarian.fr\/site\/competences\/#breadcrumb\",\"itemListElement\":[{\"@type\":\"ListItem\",\"position\":1,\"name\":\"Accueil\",\"item\":\"https:\/\/razarian.fr\/site\/\"},{\"@type\":\"ListItem\",\"position\":2,\"name\":\"Comp\u00e9tences\"}]},{\"@type\":\"WebSite\",\"@id\":\"https:\/\/razarian.fr\/site\/#website\",\"url\":\"https:\/\/razarian.fr\/site\/\",\"name\":\"Razarian\",\"description\":\"Des solutions utiles et agr\u00e9ables\",\"publisher\":{\"@id\":\"https:\/\/razarian.fr\/site\/#\/schema\/person\/c6799a8880944d52f0591a9b7a2c5240\"},\"potentialAction\":[{\"@type\":\"SearchAction\",\"target\":{\"@type\":\"EntryPoint\",\"urlTemplate\":\"https:\/\/razarian.fr\/site\/?s={search_term_string}\"},\"query-input\":\"required name=search_term_string\"}],\"inLanguage\":\"fr-FR\"},{\"@type\":[\"Person\",\"Organization\"],\"@id\":\"https:\/\/razarian.fr\/site\/#\/schema\/person\/c6799a8880944d52f0591a9b7a2c5240\",\"name\":\"R\u00e9gis AZARIAN\",\"image\":{\"@type\":\"ImageObject\",\"inLanguage\":\"fr-FR\",\"@id\":\"https:\/\/razarian.fr\/site\/#\/schema\/person\/image\/\",\"url\":\"http:\/\/razarian.fr\/site\/wp-content\/uploads\/2017\/06\/logo_tr_bl_razarian.png\",\"contentUrl\":\"http:\/\/razarian.fr\/site\/wp-content\/uploads\/2017\/06\/logo_tr_bl_razarian.png\",\"width\":212,\"height\":70,\"caption\":\"R\u00e9gis AZARIAN\"},\"logo\":{\"@id\":\"https:\/\/razarian.fr\/site\/#\/schema\/person\/image\/\"},\"sameAs\":[\"http:\/\/razarian.fr\",\"https:\/\/fr.linkedin.com\/in\/azarian-rgis-69383744\"]}]}<\/script>\n<!-- \/ Yoast SEO plugin. -->","yoast_head_json":{"title":"Comp\u00e9tences - Razarian","description":"Conseil, AMOA, Analyse Fonctionnelle, Gestion de projet, UX\/UA et Facteurs Humains, D\u00e9veloppement, SI, NTIC, A\u00e9ronautique","robots":{"index":"index","follow":"follow","max-snippet":"max-snippet:-1","max-image-preview":"max-image-preview:large","max-video-preview":"max-video-preview:-1"},"canonical":"http:\/\/razarian.fr\/site\/competences\/","og_locale":"fr_FR","og_type":"article","og_title":"Comp\u00e9tences - Razarian","og_description":"Conseil, AMOA, Analyse Fonctionnelle, Gestion de projet, UX\/UA et Facteurs Humains, D\u00e9veloppement, SI, NTIC, A\u00e9ronautique","og_url":"http:\/\/razarian.fr\/site\/competences\/","og_site_name":"Razarian","article_modified_time":"2018-11-28T22:58:50+00:00","twitter_card":"summary_large_image","schema":{"@context":"https:\/\/schema.org","@graph":[{"@type":"WebPage","@id":"http:\/\/razarian.fr\/site\/competences\/","url":"http:\/\/razarian.fr\/site\/competences\/","name":"Comp\u00e9tences - Razarian","isPartOf":{"@id":"https:\/\/razarian.fr\/site\/#website"},"datePublished":"2017-07-05T01:19:02+00:00","dateModified":"2018-11-28T22:58:50+00:00","description":"Conseil, AMOA, Analyse Fonctionnelle, Gestion de projet, UX\/UA et Facteurs Humains, D\u00e9veloppement, SI, NTIC, A\u00e9ronautique","breadcrumb":{"@id":"http:\/\/razarian.fr\/site\/competences\/#breadcrumb"},"inLanguage":"fr-FR","potentialAction":[{"@type":"ReadAction","target":["http:\/\/razarian.fr\/site\/competences\/"]}]},{"@type":"BreadcrumbList","@id":"http:\/\/razarian.fr\/site\/competences\/#breadcrumb","itemListElement":[{"@type":"ListItem","position":1,"name":"Accueil","item":"https:\/\/razarian.fr\/site\/"},{"@type":"ListItem","position":2,"name":"Comp\u00e9tences"}]},{"@type":"WebSite","@id":"https:\/\/razarian.fr\/site\/#website","url":"https:\/\/razarian.fr\/site\/","name":"Razarian","description":"Des solutions utiles et agr\u00e9ables","publisher":{"@id":"https:\/\/razarian.fr\/site\/#\/schema\/person\/c6799a8880944d52f0591a9b7a2c5240"},"potentialAction":[{"@type":"SearchAction","target":{"@type":"EntryPoint","urlTemplate":"https:\/\/razarian.fr\/site\/?s={search_term_string}"},"query-input":"required name=search_term_string"}],"inLanguage":"fr-FR"},{"@type":["Person","Organization"],"@id":"https:\/\/razarian.fr\/site\/#\/schema\/person\/c6799a8880944d52f0591a9b7a2c5240","name":"R\u00e9gis AZARIAN","image":{"@type":"ImageObject","inLanguage":"fr-FR","@id":"https:\/\/razarian.fr\/site\/#\/schema\/person\/image\/","url":"http:\/\/razarian.fr\/site\/wp-content\/uploads\/2017\/06\/logo_tr_bl_razarian.png","contentUrl":"http:\/\/razarian.fr\/site\/wp-content\/uploads\/2017\/06\/logo_tr_bl_razarian.png","width":212,"height":70,"caption":"R\u00e9gis AZARIAN"},"logo":{"@id":"https:\/\/razarian.fr\/site\/#\/schema\/person\/image\/"},"sameAs":["http:\/\/razarian.fr","https:\/\/fr.linkedin.com\/in\/azarian-rgis-69383744"]}]}},"_links":{"self":[{"href":"https:\/\/razarian.fr\/site\/wp-json\/wp\/v2\/pages\/205"}],"collection":[{"href":"https:\/\/razarian.fr\/site\/wp-json\/wp\/v2\/pages"}],"about":[{"href":"https:\/\/razarian.fr\/site\/wp-json\/wp\/v2\/types\/page"}],"author":[{"embeddable":true,"href":"https:\/\/razarian.fr\/site\/wp-json\/wp\/v2\/users\/1"}],"replies":[{"embeddable":true,"href":"https:\/\/razarian.fr\/site\/wp-json\/wp\/v2\/comments?post=205"}],"version-history":[{"count":20,"href":"https:\/\/razarian.fr\/site\/wp-json\/wp\/v2\/pages\/205\/revisions"}],"predecessor-version":[{"id":420,"href":"https:\/\/razarian.fr\/site\/wp-json\/wp\/v2\/pages\/205\/revisions\/420"}],"wp:attachment":[{"href":"https:\/\/razarian.fr\/site\/wp-json\/wp\/v2\/media?parent=205"}],"curies":[{"name":"wp","href":"https:\/\/api.w.org\/{rel}","templated":true}]}}