{"id":4,"date":"2017-06-29T10:28:36","date_gmt":"2017-06-29T09:28:36","guid":{"rendered":"http:\/\/razarian.fr\/site\/?page_id=4"},"modified":"2024-03-07T17:32:00","modified_gmt":"2024-03-07T16:32:00","slug":"accueil","status":"publish","type":"page","link":"https:\/\/razarian.fr\/site\/","title":{"rendered":"Accueil"},"content":{"rendered":"<h1>Des solutions utiles et agr\u00e9ables<\/h1>\n\n\n<div style=\"height:26px\" aria-hidden=\"true\" class=\"wp-block-spacer\"><\/div>\n\n\n\n<h3 class=\"wp-block-heading\">Exemples de r\u00e9alisations<\/h3>\n\n\n\n<div style=\"height:20px\" aria-hidden=\"true\" class=\"wp-block-spacer\"><\/div>\n\n\n\n<h4 class=\"wp-block-heading\"><a href=\"https:\/\/razarianpro.atlassian.net\/wiki\/spaces\/GDCv1\/overview\" target=\"_blank\" rel=\"noreferrer noopener\">Projet GDC<\/a><\/h4>\n\n\n\n<div class=\"wp-block-columns has-2-columns is-layout-flex wp-container-core-columns-layout-1 wp-block-columns-is-layout-flex\">\n<div class=\"wp-block-column is-layout-flow wp-block-column-is-layout-flow\">\n<figure><iframe loading=\"lazy\" width=\"400\" height=\"300\" src=\"https:\/\/www.youtube.com\/embed\/xpe6KsfW-D0\" allowfullscreen=\"\"><\/iframe><\/figure>\n<\/div>\n\n\n\n<div class=\"wp-block-column is-layout-flow wp-block-column-is-layout-flow\">\n<p>  Outil collaboratif de gestion de candidatures et CV d\u00e9di\u00e9 aux TPE, PME et ETI dont le capital principal est l\u2019humain. Ce logiciel peut \u00eatre int\u00e9grer en tant qu\u2019outil de recrutement parmi les modules d\u2019un SIRH . (<a href=\"http:\/\/doc.razarian.fr:8090\/display\/GDCv1\">li<\/a><a href=\"https:\/\/razarianpro.atlassian.net\/wiki\/spaces\/GDCv1\/overview\" target=\"_blank\" rel=\"noreferrer noopener\">en<\/a>)  <\/p>\n<\/div>\n<\/div>\n\n\n\n<div style=\"height:28px\" aria-hidden=\"true\" class=\"wp-block-spacer\"><\/div>\n\n\n\n<h4 class=\"wp-block-heading\"><a href=\"https:\/\/razarianpro.atlassian.net\/wiki\/spaces\/GTVv1\/overview\" target=\"_blank\" rel=\"noreferrer noopener\">Projet de Gestion de Transferts de V\u00e9hicules<\/a><\/h4>\n\n\n\n<div class=\"wp-block-columns has-2-columns is-layout-flex wp-container-core-columns-layout-2 wp-block-columns-is-layout-flex\">\n<div class=\"wp-block-column is-layout-flow wp-block-column-is-layout-flow\">\n<p> Solution web de gestion de transfert de responsabilit\u00e9 ou de propri\u00e9t\u00e9 de flottes de v\u00e9hicules, incluant les logiciels de saisie de contr\u00f4les techniques et d\u2019aide \u00e0 la logistique. (<a href=\"https:\/\/razarianpro.atlassian.net\/wiki\/spaces\/GTVv1\/overview\" target=\"_blank\" rel=\"noreferrer noopener\">lien<\/a>) <\/p>\n<\/div>\n\n\n\n<div class=\"wp-block-column is-layout-flow wp-block-column-is-layout-flow\">\n<figure><iframe loading=\"lazy\" width=\"400\" height=\"300\" src=\"https:\/\/www.youtube.com\/embed\/_Hxg1riOuz8\" allowfullscreen=\"\"><\/iframe><\/figure>\n<\/div>\n<\/div>\n\n\n\n<div style=\"height:34px\" aria-hidden=\"true\" class=\"wp-block-spacer\"><\/div>\n\n\n\n<h4 class=\"wp-block-heading\"><a href=\"https:\/\/razarianpro.atlassian.net\/wiki\/spaces\/CEFH1\/overview\" target=\"_blank\" rel=\"noreferrer noopener\">Facteurs Humains pour les syst\u00e8mes de cockpits<\/a><\/h4>\n\n\n\n<p> Conseil en facteurs humains pour la conception et l\u2019am\u00e9lioration de syst\u00e8mes de navigation. Application d\u2019une d\u00e9marche d\u2019analyse centr\u00e9e sur l\u2019humain pour concevoir des IHM intuitives et s\u00fbre. (<a href=\"https:\/\/razarianpro.atlassian.net\/wiki\/spaces\/CEFH1\/overview\" target=\"_blank\" rel=\"noreferrer noopener\">lien<\/a>) <\/p>\n","protected":false},"excerpt":{"rendered":"<p>Des solutions utiles et agr\u00e9ables Exemples de r\u00e9alisations Projet GDC Outil collaboratif de gestion de candidatures et CV d\u00e9di\u00e9 aux TPE, PME et ETI dont le capital principal est l\u2019humain. Ce logiciel peut \u00eatre int\u00e9grer en tant qu\u2019outil de recrutement parmi les modules d\u2019un SIRH . (lien) Projet de Gestion de Transferts de V\u00e9hicules Solution [&hellip;]<\/p>\n","protected":false},"author":1,"featured_media":0,"parent":0,"menu_order":0,"comment_status":"closed","ping_status":"closed","template":"","meta":{"inline_featured_image":false,"footnotes":""},"yoast_head":"<!-- This site is optimized with the Yoast SEO plugin v22.2 - https:\/\/yoast.com\/wordpress\/plugins\/seo\/ -->\n<title>Accueil - Razarian Des solutions utiles et agr\u00e9ables<\/title>\n<meta name=\"description\" content=\"R\u00e9gis AZARIAN, Strat\u00e9gie SI, Conseil, AMOA, Analyse Fonctionnelle, Gestion de projet, UX\/UA et Facteurs Humains, Ergonomie, D\u00e9veloppement, SI, NTIC, A\u00e9ronautique, Gestion des connaissances, Agilit\u00e9, Innovation\" \/>\n<meta name=\"robots\" content=\"index, follow, max-snippet:-1, max-image-preview:large, max-video-preview:-1\" \/>\n<link rel=\"canonical\" href=\"https:\/\/razarian.fr\/site\/\" \/>\n<meta property=\"og:locale\" content=\"fr_FR\" \/>\n<meta property=\"og:type\" content=\"article\" \/>\n<meta property=\"og:title\" content=\"Accueil - Razarian Des solutions utiles et agr\u00e9ables\" \/>\n<meta property=\"og:description\" content=\"R\u00e9gis AZARIAN, Strat\u00e9gie SI, Conseil, AMOA, Analyse Fonctionnelle, Gestion de projet, UX\/UA et Facteurs Humains, Ergonomie, D\u00e9veloppement, SI, NTIC, A\u00e9ronautique, Gestion des connaissances, Agilit\u00e9, Innovation\" \/>\n<meta property=\"og:url\" content=\"https:\/\/razarian.fr\/site\/\" \/>\n<meta property=\"og:site_name\" content=\"Razarian\" \/>\n<meta property=\"article:modified_time\" content=\"2024-03-07T16:32:00+00:00\" \/>\n<meta name=\"twitter:card\" content=\"summary_large_image\" \/>\n<meta name=\"twitter:label1\" content=\"Dur\u00e9e de lecture estim\u00e9e\" \/>\n\t<meta name=\"twitter:data1\" content=\"1 minute\" \/>\n<script type=\"application\/ld+json\" class=\"yoast-schema-graph\">{\"@context\":\"https:\/\/schema.org\",\"@graph\":[{\"@type\":\"WebPage\",\"@id\":\"https:\/\/razarian.fr\/site\/\",\"url\":\"https:\/\/razarian.fr\/site\/\",\"name\":\"Accueil - Razarian Des solutions utiles et agr\u00e9ables\",\"isPartOf\":{\"@id\":\"https:\/\/razarian.fr\/site\/#website\"},\"datePublished\":\"2017-06-29T09:28:36+00:00\",\"dateModified\":\"2024-03-07T16:32:00+00:00\",\"description\":\"R\u00e9gis AZARIAN, Strat\u00e9gie SI, Conseil, AMOA, Analyse Fonctionnelle, Gestion de projet, UX\/UA et Facteurs Humains, Ergonomie, D\u00e9veloppement, SI, NTIC, A\u00e9ronautique, Gestion des connaissances, Agilit\u00e9, Innovation\",\"breadcrumb\":{\"@id\":\"https:\/\/razarian.fr\/site\/#breadcrumb\"},\"inLanguage\":\"fr-FR\",\"potentialAction\":[{\"@type\":\"ReadAction\",\"target\":[\"https:\/\/razarian.fr\/site\/\"]}]},{\"@type\":\"BreadcrumbList\",\"@id\":\"https:\/\/razarian.fr\/site\/#breadcrumb\",\"itemListElement\":[{\"@type\":\"ListItem\",\"position\":1,\"name\":\"Accueil\",\"item\":\"https:\/\/razarian.fr\/site\/\"},{\"@type\":\"ListItem\",\"position\":2,\"name\":\"Accueil\"}]},{\"@type\":\"WebSite\",\"@id\":\"https:\/\/razarian.fr\/site\/#website\",\"url\":\"https:\/\/razarian.fr\/site\/\",\"name\":\"Razarian\",\"description\":\"Des solutions utiles et agr\u00e9ables\",\"publisher\":{\"@id\":\"https:\/\/razarian.fr\/site\/#\/schema\/person\/c6799a8880944d52f0591a9b7a2c5240\"},\"potentialAction\":[{\"@type\":\"SearchAction\",\"target\":{\"@type\":\"EntryPoint\",\"urlTemplate\":\"https:\/\/razarian.fr\/site\/?s={search_term_string}\"},\"query-input\":\"required name=search_term_string\"}],\"inLanguage\":\"fr-FR\"},{\"@type\":[\"Person\",\"Organization\"],\"@id\":\"https:\/\/razarian.fr\/site\/#\/schema\/person\/c6799a8880944d52f0591a9b7a2c5240\",\"name\":\"R\u00e9gis AZARIAN\",\"image\":{\"@type\":\"ImageObject\",\"inLanguage\":\"fr-FR\",\"@id\":\"https:\/\/razarian.fr\/site\/#\/schema\/person\/image\/\",\"url\":\"http:\/\/razarian.fr\/site\/wp-content\/uploads\/2017\/06\/logo_tr_bl_razarian.png\",\"contentUrl\":\"http:\/\/razarian.fr\/site\/wp-content\/uploads\/2017\/06\/logo_tr_bl_razarian.png\",\"width\":212,\"height\":70,\"caption\":\"R\u00e9gis AZARIAN\"},\"logo\":{\"@id\":\"https:\/\/razarian.fr\/site\/#\/schema\/person\/image\/\"},\"sameAs\":[\"http:\/\/razarian.fr\",\"https:\/\/fr.linkedin.com\/in\/azarian-rgis-69383744\"]}]}<\/script>\n<!-- \/ Yoast SEO plugin. -->","yoast_head_json":{"title":"Accueil - Razarian Des solutions utiles et agr\u00e9ables","description":"R\u00e9gis AZARIAN, Strat\u00e9gie SI, Conseil, AMOA, Analyse Fonctionnelle, Gestion de projet, UX\/UA et Facteurs Humains, Ergonomie, D\u00e9veloppement, SI, NTIC, A\u00e9ronautique, Gestion des connaissances, Agilit\u00e9, Innovation","robots":{"index":"index","follow":"follow","max-snippet":"max-snippet:-1","max-image-preview":"max-image-preview:large","max-video-preview":"max-video-preview:-1"},"canonical":"https:\/\/razarian.fr\/site\/","og_locale":"fr_FR","og_type":"article","og_title":"Accueil - Razarian Des solutions utiles et agr\u00e9ables","og_description":"R\u00e9gis AZARIAN, Strat\u00e9gie SI, Conseil, AMOA, Analyse Fonctionnelle, Gestion de projet, UX\/UA et Facteurs Humains, Ergonomie, D\u00e9veloppement, SI, NTIC, A\u00e9ronautique, Gestion des connaissances, Agilit\u00e9, Innovation","og_url":"https:\/\/razarian.fr\/site\/","og_site_name":"Razarian","article_modified_time":"2024-03-07T16:32:00+00:00","twitter_card":"summary_large_image","twitter_misc":{"Dur\u00e9e de lecture estim\u00e9e":"1 minute"},"schema":{"@context":"https:\/\/schema.org","@graph":[{"@type":"WebPage","@id":"https:\/\/razarian.fr\/site\/","url":"https:\/\/razarian.fr\/site\/","name":"Accueil - Razarian Des solutions utiles et agr\u00e9ables","isPartOf":{"@id":"https:\/\/razarian.fr\/site\/#website"},"datePublished":"2017-06-29T09:28:36+00:00","dateModified":"2024-03-07T16:32:00+00:00","description":"R\u00e9gis AZARIAN, Strat\u00e9gie SI, Conseil, AMOA, Analyse Fonctionnelle, Gestion de projet, UX\/UA et Facteurs Humains, Ergonomie, D\u00e9veloppement, SI, NTIC, A\u00e9ronautique, Gestion des connaissances, Agilit\u00e9, Innovation","breadcrumb":{"@id":"https:\/\/razarian.fr\/site\/#breadcrumb"},"inLanguage":"fr-FR","potentialAction":[{"@type":"ReadAction","target":["https:\/\/razarian.fr\/site\/"]}]},{"@type":"BreadcrumbList","@id":"https:\/\/razarian.fr\/site\/#breadcrumb","itemListElement":[{"@type":"ListItem","position":1,"name":"Accueil","item":"https:\/\/razarian.fr\/site\/"},{"@type":"ListItem","position":2,"name":"Accueil"}]},{"@type":"WebSite","@id":"https:\/\/razarian.fr\/site\/#website","url":"https:\/\/razarian.fr\/site\/","name":"Razarian","description":"Des solutions utiles et agr\u00e9ables","publisher":{"@id":"https:\/\/razarian.fr\/site\/#\/schema\/person\/c6799a8880944d52f0591a9b7a2c5240"},"potentialAction":[{"@type":"SearchAction","target":{"@type":"EntryPoint","urlTemplate":"https:\/\/razarian.fr\/site\/?s={search_term_string}"},"query-input":"required name=search_term_string"}],"inLanguage":"fr-FR"},{"@type":["Person","Organization"],"@id":"https:\/\/razarian.fr\/site\/#\/schema\/person\/c6799a8880944d52f0591a9b7a2c5240","name":"R\u00e9gis AZARIAN","image":{"@type":"ImageObject","inLanguage":"fr-FR","@id":"https:\/\/razarian.fr\/site\/#\/schema\/person\/image\/","url":"http:\/\/razarian.fr\/site\/wp-content\/uploads\/2017\/06\/logo_tr_bl_razarian.png","contentUrl":"http:\/\/razarian.fr\/site\/wp-content\/uploads\/2017\/06\/logo_tr_bl_razarian.png","width":212,"height":70,"caption":"R\u00e9gis AZARIAN"},"logo":{"@id":"https:\/\/razarian.fr\/site\/#\/schema\/person\/image\/"},"sameAs":["http:\/\/razarian.fr","https:\/\/fr.linkedin.com\/in\/azarian-rgis-69383744"]}]}},"_links":{"self":[{"href":"https:\/\/razarian.fr\/site\/wp-json\/wp\/v2\/pages\/4"}],"collection":[{"href":"https:\/\/razarian.fr\/site\/wp-json\/wp\/v2\/pages"}],"about":[{"href":"https:\/\/razarian.fr\/site\/wp-json\/wp\/v2\/types\/page"}],"author":[{"embeddable":true,"href":"https:\/\/razarian.fr\/site\/wp-json\/wp\/v2\/users\/1"}],"replies":[{"embeddable":true,"href":"https:\/\/razarian.fr\/site\/wp-json\/wp\/v2\/comments?post=4"}],"version-history":[{"count":5,"href":"https:\/\/razarian.fr\/site\/wp-json\/wp\/v2\/pages\/4\/revisions"}],"predecessor-version":[{"id":493,"href":"https:\/\/razarian.fr\/site\/wp-json\/wp\/v2\/pages\/4\/revisions\/493"}],"wp:attachment":[{"href":"https:\/\/razarian.fr\/site\/wp-json\/wp\/v2\/media?parent=4"}],"curies":[{"name":"wp","href":"https:\/\/api.w.org\/{rel}","templated":true}]}}