{"id":516,"date":"2025-03-28T18:26:38","date_gmt":"2025-03-28T17:26:38","guid":{"rendered":"https:\/\/razarian.fr\/site\/?page_id=516"},"modified":"2025-03-28T22:47:02","modified_gmt":"2025-03-28T21:47:02","slug":"facteurs-humains-pour-les-systemes-de-cockpits","status":"publish","type":"page","link":"https:\/\/razarian.fr\/site\/realisations\/exemples\/facteurs-humains-pour-les-systemes-de-cockpits\/","title":{"rendered":"Facteurs Humains pour les syst\u00e8mes de cockpits"},"content":{"rendered":"<p><!-- <iframe loading=\"lazy\" src=\"https:\/\/outgoing-ghost-940.notion.site\/ebd\/1c138214fae380bd8c45ce7a5b4a99af\" width=\"100%\" height=\"600\" frameborder=\"0\" allowfullscreen \/> --><\/p>\n\n\n<figure class=\"wp-block-image size-full is-resized\"><a href=\"https:\/\/razarian.fr\/site\/wp-content\/uploads\/2025\/03\/CEFH1.png\"><img loading=\"lazy\" decoding=\"async\" width=\"200\" height=\"200\" src=\"https:\/\/razarian.fr\/site\/wp-content\/uploads\/2025\/03\/CEFH1.png\" alt=\"\" class=\"wp-image-548\" style=\"width:35px;height:auto\" srcset=\"https:\/\/razarian.fr\/site\/wp-content\/uploads\/2025\/03\/CEFH1.png 200w, https:\/\/razarian.fr\/site\/wp-content\/uploads\/2025\/03\/CEFH1-150x150.png 150w\" sizes=\"(max-width: 200px) 100vw, 200px\" \/><\/a><\/figure>\n\n\n\n<h3 class=\"wp-block-heading\">Ergonomie de la fonction cartographie de syst\u00e8mes de navigation a\u00e9ronautique<\/h3>\n\n\n\n<h3 class=\"wp-block-heading\">Objectifs des projets<\/h3>\n\n\n\n<ol>\n<li>Remplacement des cartes papiers par un affichage \u00e9lectronique t\u00eate basse (<em>H\u00e9licopt\u00e8re<\/em>)<\/li>\n\n\n\n<li>Am\u00e9lioration de l&rsquo;utilisabilit\u00e9 d&rsquo;un syst\u00e8me embarqu\u00e9 de navigation a\u00e9roportuaire (<em>Avion<\/em>)<\/li>\n<\/ol>\n\n\n\n<div style=\"height:15px\" aria-hidden=\"true\" class=\"wp-block-spacer\"><\/div>\n\n\n\n<h4 class=\"wp-block-heading\">1. Contexte avant et apr\u00e8s projet&nbsp;(Syst\u00e8me de Navigation en H\u00e9licopt\u00e8re<\/h4>\n\n\n\n<p> <em>Exemple d&rsquo;environnement de syst\u00e8me de navigation AVANT<\/em><\/p>\n\n\n\n<div class=\"wp-block-group is-nowrap is-layout-flex wp-container-core-group-layout-1 wp-block-group-is-layout-flex\">\n<figure class=\"wp-block-image size-full is-resized\"><a href=\"https:\/\/razarian.fr\/site\/wp-content\/uploads\/2025\/03\/721012.jpg\"><img loading=\"lazy\" decoding=\"async\" width=\"736\" height=\"488\" src=\"https:\/\/razarian.fr\/site\/wp-content\/uploads\/2025\/03\/721012.jpg\" alt=\"\" class=\"wp-image-526\" style=\"width:312px;height:auto\" srcset=\"https:\/\/razarian.fr\/site\/wp-content\/uploads\/2025\/03\/721012.jpg 736w, https:\/\/razarian.fr\/site\/wp-content\/uploads\/2025\/03\/721012-300x199.jpg 300w\" sizes=\"(max-width: 736px) 100vw, 736px\" \/><\/a><\/figure>\n\n\n\n<figure class=\"wp-block-image size-full is-resized\"><a href=\"https:\/\/razarian.fr\/site\/wp-content\/uploads\/2025\/03\/721035.png\"><img loading=\"lazy\" decoding=\"async\" width=\"1012\" height=\"623\" src=\"https:\/\/razarian.fr\/site\/wp-content\/uploads\/2025\/03\/721035.png\" alt=\"\" class=\"wp-image-527\" style=\"width:312px;height:auto\" srcset=\"https:\/\/razarian.fr\/site\/wp-content\/uploads\/2025\/03\/721035.png 1012w, https:\/\/razarian.fr\/site\/wp-content\/uploads\/2025\/03\/721035-300x185.png 300w, https:\/\/razarian.fr\/site\/wp-content\/uploads\/2025\/03\/721035-768x473.png 768w, https:\/\/razarian.fr\/site\/wp-content\/uploads\/2025\/03\/721035-570x350.png 570w\" sizes=\"(max-width: 1012px) 100vw, 1012px\" \/><\/a><\/figure>\n<\/div>\n\n\n\n<p><em>Exemple d&rsquo;environnement de syst\u00e8me de navigation APRES<\/em><\/p>\n\n\n\n<figure class=\"wp-block-image size-full is-resized\"><a href=\"https:\/\/razarian.fr\/site\/wp-content\/uploads\/2025\/03\/HeliExpo.jpg\"><img loading=\"lazy\" decoding=\"async\" width=\"680\" height=\"336\" src=\"https:\/\/razarian.fr\/site\/wp-content\/uploads\/2025\/03\/HeliExpo.jpg\" alt=\"\" class=\"wp-image-538\" style=\"width:540px;height:auto\" srcset=\"https:\/\/razarian.fr\/site\/wp-content\/uploads\/2025\/03\/HeliExpo.jpg 680w, https:\/\/razarian.fr\/site\/wp-content\/uploads\/2025\/03\/HeliExpo-300x148.jpg 300w\" sizes=\"(max-width: 680px) 100vw, 680px\" \/><\/a><\/figure>\n\n\n\n<div style=\"height:15px\" aria-hidden=\"true\" class=\"wp-block-spacer\"><\/div>\n\n\n\n<h4 class=\"wp-block-heading\">2. Contexte apr\u00e8s projet&nbsp;(Syst\u00e8me de Navigation A\u00e9roportuaire Avion)<\/h4>\n\n\n\n<div class=\"wp-block-group is-nowrap is-layout-flex wp-container-core-group-layout-2 wp-block-group-is-layout-flex\">\n<figure class=\"wp-block-image size-full is-resized\"><a href=\"https:\/\/razarian.fr\/site\/wp-content\/uploads\/2025\/03\/721027.png\"><img loading=\"lazy\" decoding=\"async\" width=\"493\" height=\"534\" src=\"https:\/\/razarian.fr\/site\/wp-content\/uploads\/2025\/03\/721027.png\" alt=\"\" class=\"wp-image-539\" style=\"width:243px;height:auto\" srcset=\"https:\/\/razarian.fr\/site\/wp-content\/uploads\/2025\/03\/721027.png 493w, https:\/\/razarian.fr\/site\/wp-content\/uploads\/2025\/03\/721027-277x300.png 277w\" sizes=\"(max-width: 493px) 100vw, 493px\" \/><\/a><\/figure>\n\n\n\n<figure class=\"wp-block-image size-large is-resized\"><a href=\"https:\/\/razarian.fr\/site\/wp-content\/uploads\/2025\/03\/721040-scaled.jpg\"><img loading=\"lazy\" decoding=\"async\" width=\"1024\" height=\"1012\" src=\"https:\/\/razarian.fr\/site\/wp-content\/uploads\/2025\/03\/721040-1024x1012.jpg\" alt=\"\" class=\"wp-image-540\" style=\"width:196px;height:auto\" srcset=\"https:\/\/razarian.fr\/site\/wp-content\/uploads\/2025\/03\/721040-1024x1012.jpg 1024w, https:\/\/razarian.fr\/site\/wp-content\/uploads\/2025\/03\/721040-300x297.jpg 300w, https:\/\/razarian.fr\/site\/wp-content\/uploads\/2025\/03\/721040-768x759.jpg 768w, https:\/\/razarian.fr\/site\/wp-content\/uploads\/2025\/03\/721040-1536x1519.jpg 1536w, https:\/\/razarian.fr\/site\/wp-content\/uploads\/2025\/03\/721040-2048x2025.jpg 2048w\" sizes=\"(max-width: 1024px) 100vw, 1024px\" \/><\/a><\/figure>\n<\/div>\n\n\n\n<div style=\"height:30px\" aria-hidden=\"true\" class=\"wp-block-spacer\"><\/div>\n\n\n\n<h3 class=\"wp-block-heading\">R\u00e9alisations<\/h3>\n\n\n\n<ul>\n<li><strong>Analyse de l&rsquo;existant, benchmark et \u00e9tude de manuels de pilotages<\/strong>&nbsp;<em>(Doc. OACI, DO257A, ARP, Rapports d\u2019\u00e9tudes)<\/em><\/li>\n\n\n\n<li><strong>Analyse du besoin op\u00e9rationnel<\/strong>&nbsp;<em>(Etude documentaire, conduite d\u2019entretiens ouverts puis semi-directifs)<\/em><\/li>\n\n\n\n<li><strong>Simulation de vol bas\u00e9 sur sc\u00e9narii<\/strong><\/li>\n\n\n\n<li><strong>Choix et \u00e9valuation d\u2019interfaces de contr\u00f4le<\/strong>&nbsp;<em>(Boutons,&nbsp;pointeur Trackball)<\/em><\/li>\n\n\n\n<li><strong>R\u00e9organisation des informations, symbologies, couleurs selon la criticit\u00e9 et les besoins, sp\u00e9cification graphique et fonctionnelle en accord avec les r\u00e9glementations et normes<\/strong>&nbsp;<em>(DO, OACI, ISO\u2026)<\/em><\/li>\n\n\n\n<li><strong>Maquettage, Sc\u00e9narii d\u2019\u00e9valuation, Questionnaires<\/strong><\/li>\n\n\n\n<li><strong>Mise en place d&rsquo;environnement de simulation<\/strong>&nbsp;<em>(Choix des \u00e9quipements et fonctions n\u00e9cessaires)<\/em><\/li>\n\n\n\n<li><strong>\u00c9valuation&nbsp;ergonomique des interfaces : utilisabilit\u00e9, \u00e9tude d&rsquo;impact sur la situation awareness, affordance et recommandations<\/strong>&nbsp;<em>(Charte graphique, temps de r\u00e9ponses, priorisation des informations)<\/em><\/li>\n\n\n\n<li><strong>Capitalisation de connaissances<\/strong><\/li>\n<\/ul>\n","protected":false},"excerpt":{"rendered":"<p>Ergonomie de la fonction cartographie de syst\u00e8mes de navigation a\u00e9ronautique Objectifs des projets 1. Contexte avant et apr\u00e8s projet&nbsp;(Syst\u00e8me de Navigation en H\u00e9licopt\u00e8re Exemple d&rsquo;environnement de syst\u00e8me de navigation AVANT Exemple d&rsquo;environnement de syst\u00e8me de navigation APRES 2. Contexte apr\u00e8s projet&nbsp;(Syst\u00e8me de Navigation A\u00e9roportuaire Avion) R\u00e9alisations<\/p>\n","protected":false},"author":1,"featured_media":0,"parent":444,"menu_order":3,"comment_status":"closed","ping_status":"closed","template":"","meta":{"inline_featured_image":false,"footnotes":""},"yoast_head":"<!-- This site is optimized with the Yoast SEO plugin v22.2 - https:\/\/yoast.com\/wordpress\/plugins\/seo\/ -->\n<title>Facteurs Humains pour les syst\u00e8mes de cockpits - Razarian<\/title>\n<meta name=\"description\" content=\"Conseil, AMOA, Analyse Fonctionnelle, Gestion de projet, UX\/UA et Facteurs Humains, D\u00e9veloppement, SI, NTIC, A\u00e9ronautique\" \/>\n<meta name=\"robots\" content=\"index, follow, max-snippet:-1, max-image-preview:large, max-video-preview:-1\" \/>\n<link rel=\"canonical\" href=\"https:\/\/razarian.fr\/site\/realisations\/exemples\/facteurs-humains-pour-les-systemes-de-cockpits\/\" \/>\n<meta property=\"og:locale\" content=\"fr_FR\" \/>\n<meta property=\"og:type\" content=\"article\" \/>\n<meta property=\"og:title\" content=\"Facteurs Humains pour les syst\u00e8mes de cockpits - Razarian\" \/>\n<meta property=\"og:description\" content=\"Conseil, AMOA, Analyse Fonctionnelle, Gestion de projet, UX\/UA et Facteurs Humains, D\u00e9veloppement, SI, NTIC, A\u00e9ronautique\" \/>\n<meta property=\"og:url\" content=\"https:\/\/razarian.fr\/site\/realisations\/exemples\/facteurs-humains-pour-les-systemes-de-cockpits\/\" \/>\n<meta property=\"og:site_name\" content=\"Razarian\" \/>\n<meta property=\"article:modified_time\" content=\"2025-03-28T21:47:02+00:00\" \/>\n<meta property=\"og:image\" content=\"https:\/\/razarian.fr\/site\/wp-content\/uploads\/2025\/03\/CEFH1.png\" \/>\n<meta name=\"twitter:card\" content=\"summary_large_image\" \/>\n<meta name=\"twitter:label1\" content=\"Dur\u00e9e de lecture estim\u00e9e\" \/>\n\t<meta name=\"twitter:data1\" content=\"3 minutes\" \/>\n<script type=\"application\/ld+json\" class=\"yoast-schema-graph\">{\"@context\":\"https:\/\/schema.org\",\"@graph\":[{\"@type\":\"WebPage\",\"@id\":\"https:\/\/razarian.fr\/site\/realisations\/exemples\/facteurs-humains-pour-les-systemes-de-cockpits\/\",\"url\":\"https:\/\/razarian.fr\/site\/realisations\/exemples\/facteurs-humains-pour-les-systemes-de-cockpits\/\",\"name\":\"Facteurs Humains pour les syst\u00e8mes de cockpits - Razarian\",\"isPartOf\":{\"@id\":\"https:\/\/razarian.fr\/site\/#website\"},\"primaryImageOfPage\":{\"@id\":\"https:\/\/razarian.fr\/site\/realisations\/exemples\/facteurs-humains-pour-les-systemes-de-cockpits\/#primaryimage\"},\"image\":{\"@id\":\"https:\/\/razarian.fr\/site\/realisations\/exemples\/facteurs-humains-pour-les-systemes-de-cockpits\/#primaryimage\"},\"thumbnailUrl\":\"https:\/\/razarian.fr\/site\/wp-content\/uploads\/2025\/03\/CEFH1.png\",\"datePublished\":\"2025-03-28T17:26:38+00:00\",\"dateModified\":\"2025-03-28T21:47:02+00:00\",\"description\":\"Conseil, AMOA, Analyse Fonctionnelle, Gestion de projet, UX\/UA et Facteurs Humains, D\u00e9veloppement, SI, NTIC, A\u00e9ronautique\",\"breadcrumb\":{\"@id\":\"https:\/\/razarian.fr\/site\/realisations\/exemples\/facteurs-humains-pour-les-systemes-de-cockpits\/#breadcrumb\"},\"inLanguage\":\"fr-FR\",\"potentialAction\":[{\"@type\":\"ReadAction\",\"target\":[\"https:\/\/razarian.fr\/site\/realisations\/exemples\/facteurs-humains-pour-les-systemes-de-cockpits\/\"]}]},{\"@type\":\"ImageObject\",\"inLanguage\":\"fr-FR\",\"@id\":\"https:\/\/razarian.fr\/site\/realisations\/exemples\/facteurs-humains-pour-les-systemes-de-cockpits\/#primaryimage\",\"url\":\"https:\/\/razarian.fr\/site\/wp-content\/uploads\/2025\/03\/CEFH1.png\",\"contentUrl\":\"https:\/\/razarian.fr\/site\/wp-content\/uploads\/2025\/03\/CEFH1.png\"},{\"@type\":\"BreadcrumbList\",\"@id\":\"https:\/\/razarian.fr\/site\/realisations\/exemples\/facteurs-humains-pour-les-systemes-de-cockpits\/#breadcrumb\",\"itemListElement\":[{\"@type\":\"ListItem\",\"position\":1,\"name\":\"Accueil\",\"item\":\"https:\/\/razarian.fr\/site\/\"},{\"@type\":\"ListItem\",\"position\":2,\"name\":\"R\u00e9alisations\",\"item\":\"http:\/\/razarian.fr\/site\/realisations\/\"},{\"@type\":\"ListItem\",\"position\":3,\"name\":\"Exemples\",\"item\":\"https:\/\/razarian.fr\/site\/realisations\/exemples\/\"},{\"@type\":\"ListItem\",\"position\":4,\"name\":\"Facteurs Humains pour les syst\u00e8mes de cockpits\"}]},{\"@type\":\"WebSite\",\"@id\":\"https:\/\/razarian.fr\/site\/#website\",\"url\":\"https:\/\/razarian.fr\/site\/\",\"name\":\"Razarian\",\"description\":\"Des solutions utiles et agr\u00e9ables\",\"publisher\":{\"@id\":\"https:\/\/razarian.fr\/site\/#\/schema\/person\/c6799a8880944d52f0591a9b7a2c5240\"},\"potentialAction\":[{\"@type\":\"SearchAction\",\"target\":{\"@type\":\"EntryPoint\",\"urlTemplate\":\"https:\/\/razarian.fr\/site\/?s={search_term_string}\"},\"query-input\":\"required name=search_term_string\"}],\"inLanguage\":\"fr-FR\"},{\"@type\":[\"Person\",\"Organization\"],\"@id\":\"https:\/\/razarian.fr\/site\/#\/schema\/person\/c6799a8880944d52f0591a9b7a2c5240\",\"name\":\"R\u00e9gis AZARIAN\",\"image\":{\"@type\":\"ImageObject\",\"inLanguage\":\"fr-FR\",\"@id\":\"https:\/\/razarian.fr\/site\/#\/schema\/person\/image\/\",\"url\":\"http:\/\/razarian.fr\/site\/wp-content\/uploads\/2017\/06\/logo_tr_bl_razarian.png\",\"contentUrl\":\"http:\/\/razarian.fr\/site\/wp-content\/uploads\/2017\/06\/logo_tr_bl_razarian.png\",\"width\":212,\"height\":70,\"caption\":\"R\u00e9gis AZARIAN\"},\"logo\":{\"@id\":\"https:\/\/razarian.fr\/site\/#\/schema\/person\/image\/\"},\"sameAs\":[\"http:\/\/razarian.fr\",\"https:\/\/fr.linkedin.com\/in\/azarian-rgis-69383744\"]}]}<\/script>\n<!-- \/ Yoast SEO plugin. -->","yoast_head_json":{"title":"Facteurs Humains pour les syst\u00e8mes de cockpits - Razarian","description":"Conseil, AMOA, Analyse Fonctionnelle, Gestion de projet, UX\/UA et Facteurs Humains, D\u00e9veloppement, SI, NTIC, A\u00e9ronautique","robots":{"index":"index","follow":"follow","max-snippet":"max-snippet:-1","max-image-preview":"max-image-preview:large","max-video-preview":"max-video-preview:-1"},"canonical":"https:\/\/razarian.fr\/site\/realisations\/exemples\/facteurs-humains-pour-les-systemes-de-cockpits\/","og_locale":"fr_FR","og_type":"article","og_title":"Facteurs Humains pour les syst\u00e8mes de cockpits - Razarian","og_description":"Conseil, AMOA, Analyse Fonctionnelle, Gestion de projet, UX\/UA et Facteurs Humains, D\u00e9veloppement, SI, NTIC, A\u00e9ronautique","og_url":"https:\/\/razarian.fr\/site\/realisations\/exemples\/facteurs-humains-pour-les-systemes-de-cockpits\/","og_site_name":"Razarian","article_modified_time":"2025-03-28T21:47:02+00:00","og_image":[{"url":"https:\/\/razarian.fr\/site\/wp-content\/uploads\/2025\/03\/CEFH1.png"}],"twitter_card":"summary_large_image","twitter_misc":{"Dur\u00e9e de lecture estim\u00e9e":"3 minutes"},"schema":{"@context":"https:\/\/schema.org","@graph":[{"@type":"WebPage","@id":"https:\/\/razarian.fr\/site\/realisations\/exemples\/facteurs-humains-pour-les-systemes-de-cockpits\/","url":"https:\/\/razarian.fr\/site\/realisations\/exemples\/facteurs-humains-pour-les-systemes-de-cockpits\/","name":"Facteurs Humains pour les syst\u00e8mes de cockpits - Razarian","isPartOf":{"@id":"https:\/\/razarian.fr\/site\/#website"},"primaryImageOfPage":{"@id":"https:\/\/razarian.fr\/site\/realisations\/exemples\/facteurs-humains-pour-les-systemes-de-cockpits\/#primaryimage"},"image":{"@id":"https:\/\/razarian.fr\/site\/realisations\/exemples\/facteurs-humains-pour-les-systemes-de-cockpits\/#primaryimage"},"thumbnailUrl":"https:\/\/razarian.fr\/site\/wp-content\/uploads\/2025\/03\/CEFH1.png","datePublished":"2025-03-28T17:26:38+00:00","dateModified":"2025-03-28T21:47:02+00:00","description":"Conseil, AMOA, Analyse Fonctionnelle, Gestion de projet, UX\/UA et Facteurs Humains, D\u00e9veloppement, SI, NTIC, A\u00e9ronautique","breadcrumb":{"@id":"https:\/\/razarian.fr\/site\/realisations\/exemples\/facteurs-humains-pour-les-systemes-de-cockpits\/#breadcrumb"},"inLanguage":"fr-FR","potentialAction":[{"@type":"ReadAction","target":["https:\/\/razarian.fr\/site\/realisations\/exemples\/facteurs-humains-pour-les-systemes-de-cockpits\/"]}]},{"@type":"ImageObject","inLanguage":"fr-FR","@id":"https:\/\/razarian.fr\/site\/realisations\/exemples\/facteurs-humains-pour-les-systemes-de-cockpits\/#primaryimage","url":"https:\/\/razarian.fr\/site\/wp-content\/uploads\/2025\/03\/CEFH1.png","contentUrl":"https:\/\/razarian.fr\/site\/wp-content\/uploads\/2025\/03\/CEFH1.png"},{"@type":"BreadcrumbList","@id":"https:\/\/razarian.fr\/site\/realisations\/exemples\/facteurs-humains-pour-les-systemes-de-cockpits\/#breadcrumb","itemListElement":[{"@type":"ListItem","position":1,"name":"Accueil","item":"https:\/\/razarian.fr\/site\/"},{"@type":"ListItem","position":2,"name":"R\u00e9alisations","item":"http:\/\/razarian.fr\/site\/realisations\/"},{"@type":"ListItem","position":3,"name":"Exemples","item":"https:\/\/razarian.fr\/site\/realisations\/exemples\/"},{"@type":"ListItem","position":4,"name":"Facteurs Humains pour les syst\u00e8mes de cockpits"}]},{"@type":"WebSite","@id":"https:\/\/razarian.fr\/site\/#website","url":"https:\/\/razarian.fr\/site\/","name":"Razarian","description":"Des solutions utiles et agr\u00e9ables","publisher":{"@id":"https:\/\/razarian.fr\/site\/#\/schema\/person\/c6799a8880944d52f0591a9b7a2c5240"},"potentialAction":[{"@type":"SearchAction","target":{"@type":"EntryPoint","urlTemplate":"https:\/\/razarian.fr\/site\/?s={search_term_string}"},"query-input":"required name=search_term_string"}],"inLanguage":"fr-FR"},{"@type":["Person","Organization"],"@id":"https:\/\/razarian.fr\/site\/#\/schema\/person\/c6799a8880944d52f0591a9b7a2c5240","name":"R\u00e9gis AZARIAN","image":{"@type":"ImageObject","inLanguage":"fr-FR","@id":"https:\/\/razarian.fr\/site\/#\/schema\/person\/image\/","url":"http:\/\/razarian.fr\/site\/wp-content\/uploads\/2017\/06\/logo_tr_bl_razarian.png","contentUrl":"http:\/\/razarian.fr\/site\/wp-content\/uploads\/2017\/06\/logo_tr_bl_razarian.png","width":212,"height":70,"caption":"R\u00e9gis AZARIAN"},"logo":{"@id":"https:\/\/razarian.fr\/site\/#\/schema\/person\/image\/"},"sameAs":["http:\/\/razarian.fr","https:\/\/fr.linkedin.com\/in\/azarian-rgis-69383744"]}]}},"_links":{"self":[{"href":"https:\/\/razarian.fr\/site\/wp-json\/wp\/v2\/pages\/516"}],"collection":[{"href":"https:\/\/razarian.fr\/site\/wp-json\/wp\/v2\/pages"}],"about":[{"href":"https:\/\/razarian.fr\/site\/wp-json\/wp\/v2\/types\/page"}],"author":[{"embeddable":true,"href":"https:\/\/razarian.fr\/site\/wp-json\/wp\/v2\/users\/1"}],"replies":[{"embeddable":true,"href":"https:\/\/razarian.fr\/site\/wp-json\/wp\/v2\/comments?post=516"}],"version-history":[{"count":18,"href":"https:\/\/razarian.fr\/site\/wp-json\/wp\/v2\/pages\/516\/revisions"}],"predecessor-version":[{"id":642,"href":"https:\/\/razarian.fr\/site\/wp-json\/wp\/v2\/pages\/516\/revisions\/642"}],"up":[{"embeddable":true,"href":"https:\/\/razarian.fr\/site\/wp-json\/wp\/v2\/pages\/444"}],"wp:attachment":[{"href":"https:\/\/razarian.fr\/site\/wp-json\/wp\/v2\/media?parent=516"}],"curies":[{"name":"wp","href":"https:\/\/api.w.org\/{rel}","templated":true}]}}